{"id":93,"date":"2021-06-21T09:32:25","date_gmt":"2021-06-21T07:32:25","guid":{"rendered":"https:\/\/carrotti.ist.org\/Blog\/?page_id=93"},"modified":"2024-08-14T11:52:25","modified_gmt":"2024-08-14T09:52:25","slug":"wwiii-ww3-der-dritte-der-finale-weltkrieg","status":"publish","type":"page","link":"https:\/\/carrotti.ist.org\/ForumCarrottinum\/wwiii-ww3-der-dritte-der-finale-weltkrieg\/","title":{"rendered":"WWIII WW3 &#8211; der Dritte , der Finale Weltkrieg"},"content":{"rendered":"\n<p><\/p>\n\n\n\n<p><\/p>\n\n\n\n<h2 class=\"wp-block-heading\" id=\"wwwiii-manifesto\">WWWIII MANIFESTO<\/h2>\n\n\n\n<p><\/p>\n\n\n\n<p><\/p>\n\n\n\n<p><\/p>\n\n\n\n<p>Gr\u00fcnde das WWWIII MANIFESTO aktiv zu erleben:<br><br>A.) krieg ist gut und notwendig \u2013 er ist zum &lt;&lt;&lt; gewinnen gew\u00e4hlt.<\/p>\n\n\n\n<p>in diesen Krieg ziehen wir Seite an Seite<\/p>\n\n\n\n<p>1. der Krieg als m\u00f6glich frei gestalteter motor f\u00fcr ver\u00e4nderung ist ausreichend als vorausgesetzt erkannt.<br>Wenn schon von vielen seiten, in dem bewussten sein befindlicher wahrnehmungen aller organe der einheiten immer wieder gerne von einem ganz grossen krieg die rede oder schreibe sei, dann ist an dieser stehle wohlgemerkt von einer finalen ,apokalyptischen schlacht bedeutung beigemessen. Sie wird, sozial vernetzt, gangbarer und von bewusst voller macht ausgestattet.<\/p>\n\n\n\n<p>Krieg , als summe aller endg\u00fcltig nachhaltig sozial und zukunftsorientiert finalen schlachten ,gilt als gewonnen wenn alles wirklich gut ist und sich nachhaltig im grossen ganzen und in der weitesten und kleinsten alles ist an passender stelle.<\/p>\n\n\n\n<p>in konsens der vorangestellten und von mir als wahr anerkannten thesen zum dritten all -umfasenden krieg aller wesen und ihrer durch eigene welten vertretenen pers\u00f6nlichen erscheinungen.<\/p>\n\n\n\n<p class=\"has-black-color has-text-color\">aus dem neuen m\u00e4chtiger \u00fcnd im nachhaltig er<br>B.) gewinnen k\u00f6nnen ausschliesslich alle und alles , Du und deine welt und alle welten der anderen<br><br><\/p>\n\n\n\n<p>D.) niemand kann den krieg nicht k\u00e4mpfen<\/p>\n\n\n\n<p>1. Uns Brauchen Alle<br>jedes wesen , jede existenz hat in ihrem eigensinn einen schatz geborgen der komunal und nachhaltig geh\u00fctet wird. Damit steht in grossem aAusmass ein Wert zur verf\u00fcgung der in gleichwertige Formen sich einw\u00e4chst in den ihm vorsorglich bereiteten boden.<\/p>\n\n\n\n<p>D.) Zukunft braucht alles<\/p>\n\n\n\n<p>Es ist platz f\u00fcr alle und jede Lebens &#8211; und existenzform.<\/p>\n\n\n\n<p>Alles Leben ist Protagonistin der Zeit.<\/p>\n\n\n\n<p>alles in allem sind wir einheiten in Diesem Finalen Krieg.<br>wir sind eine Herde menschlicher Kriegerinnen.<br>j a, wir k\u00e4mpfen f\u00fcr eine gute Zukunft. Alles braucht zukunft,<\/p>\n\n\n\n<p>Ja, die entg\u00fcltigen gesetze stehen fest. Und werden dementsprechend angepasst.<br>ange<br>Jede einzelne person istn durch sind von der allgemeinheit nachhaltig und wertsch\u00f6pfend gelebt.<\/p>\n\n\n\n<p>Einheiten die nur in der summe aller besten denkbaren welten, nsere pers\u00f6nliche zeit ist<\/p>\n\n\n\n<p>MANIFEST zum Dritten Weltkrieg\/Manifesto del<\/p>\n\n\n\n<p>In der besten aller denkbaren welten<\/p>\n\n\n\n<p>link<a href=\"http:\/\/sabria-david.de\/\">http:\/\/sabria-david.de\/<\/a><\/p>\n\n\n\n<figure class=\"wp-block-embed is-type-wp-embed is-provider-j-rg-heynkes wp-block-embed-j-rg-heynkes\"><div class=\"wp-block-embed__wrapper\">\n<blockquote class=\"wp-embedded-content\" data-secret=\"rLXKlqf5LY\"><a href=\"https:\/\/joergheynkes.de\/kontakt\/\">KONTAKT<\/a><\/blockquote><iframe loading=\"lazy\" class=\"wp-embedded-content\" sandbox=\"allow-scripts\" security=\"restricted\" style=\"position: absolute; visibility: hidden;\" title=\"&#8222;KONTAKT&#8220; &#8212; J\u00d6RG HEYNKES\" src=\"https:\/\/joergheynkes.de\/kontakt\/embed\/#?secret=FPwTQHJ6be#?secret=rLXKlqf5LY\" data-secret=\"rLXKlqf5LY\" width=\"600\" height=\"338\" frameborder=\"0\" marginwidth=\"0\" marginheight=\"0\" scrolling=\"no\"><\/iframe>\n<\/div><\/figure>\n\n\n\n<p><\/p>\n\n\n\n<p class=\"has-text-align-center has-vivid-red-color has-text-color has-large-font-size\">nur eine<br>der offen sichtlichen <\/p>\n\n\n\n<p class=\"has-text-align-center has-vivid-red-color has-text-color has-huge-font-size\">Fronten <\/p>\n\n\n\n<p class=\"has-text-align-center has-vivid-red-color has-text-color has-large-font-size\">des III. Weltkrieg<\/p>\n\n\n\n<h2 class=\"wp-block-heading\" id=\"die-ungezogenen-fratzen-feiern-cov-als-wars-ne-masernparty\">die ungezogenen Fratzen feiern COV als w\u00e4rs ne <a href=\"https:\/\/de.wikipedia.org\/wiki\/Masernparty\" data-type=\"URL\" data-id=\"https:\/\/de.wikipedia.org\/wiki\/Masernparty\" target=\"_blank\" rel=\"noreferrer noopener\">Masernparty<\/a>&#8230;.<\/h2>\n\n\n\n<p>was da wohl die Obrigkeit dazu meint&#8230;.?<br>ob die Forschung dazu was vermutet&#8230;&#8230;?<\/p>\n\n\n\n<p><a href=\"https:\/\/www.meinbezirk.at\/c-lokales\/corona-cluster-nach-kroatien-festival-waechst_a4793198\">https:\/\/www.meinbezirk.at\/c-lokales\/corona-cluster-nach-kroatien-festival-waechst_a4793198<\/a><\/p>\n\n\n\n<p>#scovp #SpreadCOVparties#cORONApARTY #Coronatia #AustriagoesCoronatia2021 Coronatia2021@pag #Herdenimunit\u00e4tdurchSchwarmdummheit #<\/p>\n\n\n\n<h2 class=\"wp-block-heading has-vivid-green-cyan-color has-text-color has-large-font-size\" id=\"ww3-ab-teilung-frontausweiten\" style=\"font-weight:500\">WW3  Ab Teilung FrontAusWeiten <\/h2>\n\n\n\n<h2 class=\"wp-block-heading has-vivid-red-color has-text-color has-large-font-size\" id=\"localfightingforglobalclimatejustice-lffgcj\" style=\"font-weight:500\">@#LocalFightingForGlobalClimateJustice #LFfGCJ<br>DEFFINITIVE ZIELE : TARGETS 4 FIGHTING<\/h2>\n\n\n\n<p class=\"has-medium-font-size\">Linke und Rechte Donaukanal &#8211; L\u00e4nden &#8211; Unterflurstrasse statt Lobauautobahn <\/p>\n\n\n\n<p>leider noch nicht im <\/p>\n\n\n\n<p><a href=\"https:\/\/www.wien.gv.at\/stadtentwicklung\/projekte\/zielgebiete\/donaukanal\/pdf\/masterplan.pdf\">https:\/\/www.wien.gv.at\/stadtentwicklung\/projekte\/zielgebiete\/donaukanal\/pdf\/masterplan.pdf<\/a><\/p>\n\n\n\n<p class=\"has-normal-font-size\">#DklUfSsLab #Gr\u00fcnerKanalWien #Klimakanal #StadtBiosph\u00e4renL\u00e4ndeWien #ArtisTheFuture #Naturoptimal #UrbanGardeningNatureDeLuxe #UGNDL #DieSichSelbstErhaltendeStadt #LeopoldStadtWienInselDerSeeligen <\/p>\n\n\n\n<p><a href=\"https:\/\/science.orf.at\/stories\/3208658\">https:\/\/science.orf.at\/stories\/3208658<\/a><\/p>\n\n\n\n<p>Madre Espania : <a href=\"https:\/\/orf.at\/stories\/3268547\/\">https:\/\/orf.at\/stories\/3268547\/<\/a><\/p>\n\n\n\n<p><\/p>\n\n\n\n<h2 class=\"wp-block-heading\" id=\"block-db6174ee-78ab-49c6-a354-53f3839fb4ca\">PATRIONS FRONT<br><a rel=\"noreferrer noopener\" href=\"https:\/\/hooktube.com\/watch?v=f7oUKUK8Xus\" target=\"_blank\">https:\/\/hooktube.com\/watch?v=f7oUKUK8Xus<\/a><\/h2>\n\n\n\n<h2 class=\"wp-block-heading\" id=\"weapons-of-choice\"><\/h2>\n\n\n<a class=\"wp-block-read-more\" href=\"https:\/\/carrotti.ist.org\/ForumCarrottinum\/wwiii-ww3-der-dritte-der-finale-weltkrieg\/\" target=\"_blank\">https:\/\/carrotti.ist.org\/blog\/wwiii-ww3-der-dritte-der-finale-weltkrieg\/weapons-of-choice\/<span class=\"screen-reader-text\">: WWIII WW3 &#8211; der Dritte , der Finale Weltkrieg<\/span><\/a>\n\n\n<p>welcher wasserkocher ist der sozial, \u00f6kologisch und politisch vertr\u00e4glichste, bzw welche Art der Teezubereitung?<\/p>\n\n\n\n<p class=\"has-text-align-center\"><em><mark style=\"background-color:rgba(0, 0, 0, 0)\" class=\"has-inline-color has-vivid-green-cyan-color\"><a href=\"https:\/\/wpgs.de\/fachtexte\/kognitive-kriegsfuehrung\/\">Kognitive Kriegsf\u00fchrung<\/a><\/mark><br><\/em><\/p>\n","protected":false},"excerpt":{"rendered":"<p>WWWIII MANIFESTO Gr\u00fcnde das WWWIII MANIFESTO aktiv zu erleben: A.) krieg ist gut und notwendig \u2013 er ist zum &lt;&lt;&lt; gewinnen gew\u00e4hlt. in diesen Krieg ziehen wir Seite an Seite 1. der Krieg als m\u00f6glich frei gestalteter motor f\u00fcr ver\u00e4nderung ist ausreichend als vorausgesetzt erkannt.Wenn schon von vielen seiten, in dem bewussten sein befindlicher wahrnehmungen [&hellip;]<\/p>\n","protected":false},"author":1,"featured_media":0,"parent":0,"menu_order":0,"comment_status":"open","ping_status":"closed","template":"","meta":{"footnotes":""},"class_list":["post-93","page","type-page","status-publish","hentry"],"_links":{"self":[{"href":"https:\/\/carrotti.ist.org\/ForumCarrottinum\/wp-json\/wp\/v2\/pages\/93","targetHints":{"allow":["GET"]}}],"collection":[{"href":"https:\/\/carrotti.ist.org\/ForumCarrottinum\/wp-json\/wp\/v2\/pages"}],"about":[{"href":"https:\/\/carrotti.ist.org\/ForumCarrottinum\/wp-json\/wp\/v2\/types\/page"}],"author":[{"embeddable":true,"href":"https:\/\/carrotti.ist.org\/ForumCarrottinum\/wp-json\/wp\/v2\/users\/1"}],"replies":[{"embeddable":true,"href":"https:\/\/carrotti.ist.org\/ForumCarrottinum\/wp-json\/wp\/v2\/comments?post=93"}],"version-history":[{"count":27,"href":"https:\/\/carrotti.ist.org\/ForumCarrottinum\/wp-json\/wp\/v2\/pages\/93\/revisions"}],"predecessor-version":[{"id":792,"href":"https:\/\/carrotti.ist.org\/ForumCarrottinum\/wp-json\/wp\/v2\/pages\/93\/revisions\/792"}],"wp:attachment":[{"href":"https:\/\/carrotti.ist.org\/ForumCarrottinum\/wp-json\/wp\/v2\/media?parent=93"}],"curies":[{"name":"wp","href":"https:\/\/api.w.org\/{rel}","templated":true}]}}